21122 (base 3) in base 8?
-5613627
What is -55432212 (base 6) in base 16?
-197570
Convert -d8a9d (base 14) to base 2.
-1111111110011000011
a8269 (base 11) to base 10
157375
What is 21222103232 (base 4) in base 8?
11522356
Convert 31431403 (base 5) to base 3.
111102222010
Convert 2158 (base 10) to base 15.
98d
14100042 (base 5) to base 15
2c8ec
What is -1322357 (base 8) in base 11?
-232a06
10665c (base 13) to base 2
1011110001000011110
Convert 1001011201211 (base 3) to base 4.
2013121033
Convert 252333 (base 8) to base 15.
1acc4
Convert -42478 (base 10) to base 15.
-c8bd
-10034024 (base 5) to base 15
-18cc9
18482a (base 11) to base 15
5946d
Convert 22001200010110 (base 3) to base 13.
b70183
Convert 7548158 (base 10) to base 5.
3413020113
Convert -c1c58 (base 13) to base 10.
-347030
-184088 (base 9) to base 10
-114533
80585 (base 11) to base 5
12232301
Convert e3b49 (base 16) to base 11.
587812
10440426 (base 7) to base 13
256bc3
Convert 48020b (base 14) to base 2.
1001011000010110010011
-568c1 (base 16) to base 8
-1264301
What is 3593961 (base 10) in base 4?
31231123221
-11561511 (base 7) to base 4
-3331331211
Convert -46041306 (base 7) to base 14.
-765606
11cd9a (base 14) to base 2
10010101011000001100
Convert 165516 (base 7) to base 11.
22a2a
23c918 (base 15) to base 9
3201025
Convert 44581 (base 9) to base 16.
73c6
Convert 11221201020 (base 3) to base 7.
554121
What is 6829a4 (base 14) in base 5?
1401313133
What is -53014220 (base 6) in base 7?
-16051212
What is -221222413 (base 5) in base 7?
-11111462
6a7b92 (base 15) to base 10
5088737
Convert 16877 (base 15) to base 5.
4312122
Convert 657969 (base 10) to base 11.
40a384
What is -a239856 (base 11) in base 12?
-608752b
What is -1151401 (base 7) in base 12?
-710a1
What is 13abb (base 15) in base 4?
33123020
-402512 (base 6) to base 12
-16438
110110101111101111 (base 2) to base 10
224239
Convert 23041 (base 8) to base 16.
2621
Convert -85455 (base 10) to base 6.
-1455343
Convert -127785 (base 11) to base 3.
-101012011021
1512c (base 14) to base 4
30302110
-43501524 (base 6) to base 15
-1a9d54
Convert -d6cc6 (base 14) to base 2.
-1111110100011111110
What is 724d7 (base 14) in base 16?
433ad
101010111111110000 (base 2) to base 13
62211
What is 11505251 (base 6) in base 7?
3054652
520303 (base 7) to base 11
60948
Convert -10120022200 (base 3) to base 16.
-1124a
What is -242541 (base 6) in base 12?
-10451
Convert -11264265 (base 9) to base 7.
-64352063
What is 23311204 (base 5) in base 14?
57a40
What is c170a3 (base 14) in base 7?
106230263
Convert 76695 (base 13) to base 15.
43730
What is -1212212102221 (base 3) in base 10?
-1001239
Convert -2230505 (base 6) to base 5.
-12103222
-110101001100101101010 (base 2) to base 12
-700976
c4445 (base 13) to base 5
42233003
-232100321 (base 4) to base 7
-1416320
What is 3e0978 (base 16) in base 9?
7576025
32735aa (base 11) to base 8
25722566
-20211220102 (base 3) to base 5
-13303140
-448aa (base 15) to base 8
-651550
126453111 (base 7) to base 4
133101133110
What is -7b056a (base 14) in base 6?
-225434454
What is -10010110010100101110110 (base 2) in base 4?
-102302211312
What is 12021110222 (base 3) in base 16?
195bc
-120200121022 (base 3) to base 6
-10341355
What is 1111011101101 (base 2) in base 5?
223132
Convert 22304 (base 6) to base 10.
3136
What is -313431220 (base 5) in base 2?
-101000000001011001011
What is 626874 (base 12) in base 7?
16066333
Convert 791927 (base 10) to base 6.
24550155
2026350 (base 10) to base 3
10210221122000
ba2a68 (base 15) to base 16
875279
What is -1333322 (base 7) in base 14?
-48449
What is -17b98 (base 15) in base 16?
-12c44
Convert -1a6f30 (base 16) to base 11.
-a8363a
What is -117856a (base 11) in base 12?
-828338
-1311052520 (base 6) to base 12
-5211140
What is -1346c8 (base 13) in base 12?
-1a627a
What is -36b671 (base 13) in base 12?
-53249a
-28914 (base 12) to base 2
-1101110100100000
Convert -12221210220012 (base 3) to base 9.
-5853805
404221 (base 5) to base 15
3d0b
-16318e (base 15) to base 6
-35002225
What is -1365043 (base 7) in base 13?
-65b0c
What is -21020032 (base 4) in base 3?
-1220021211
Convert 7160103 (base 8) to base 4.
13032001003
What is -2210716 (base 8) in base 10?
-594382
What is -3625d4 (base 14) in base 4?
-13003303332
Convert 4ba3e (base 16) to base 2.
1001011101000111110
4402445 (base 6) to base 5
23441313
-4b6824 (base 15) to base 16
-372ecb
Convert -4443145 (base 8) to base 5.
-301311134
Convert 2334561 (base 7) to base 16.
47eb6
What is -130a55 (base 11) in base 5?
-23044434
-1022220120210 (base 3) to base 5
-140104302
Convert -11185c3 (base 14) to base 15.
-aa8854
What is a5dbe (base 16) in base 7?
5526431
410994 (base 12) to base 15
151717
1202321 (base 5) to base 10
22211
Convert -10320152 (base 8) to base 5.
-1031010004
Convert -20100253 (base 6) to base 7.
-4553154
What is 11a721b (base 13) in base 16?
53ea3d
Convert 294bb8 (base 12) to base 15.
da49e
Convert -65595 (base 11) to base 6.
-2012442
Convert 3303436 (base 7) to base 8.
1426214
What is 434221212 (base 5) in base 10?
1867057
What is -11011110110101111 (base 2) in base 6?
-2240115
Convert -2a40fc (base 16) to base 13.
-75c565
Convert -155008 (base 9) to base 16.
-17513
What is 311030011 (base 4) in base 12?
a60b1
What is -21001002102 (base 3) in base 11?
-95128
Convert -2056602 (base 7) to base 15.
-4de8c
351751 (base 8) to base 7
1006141
-5a206c (base 13) to base 14
-3dc3b9
-e9e06 (base 15) to base 16
-b5389
Convert 340403 (base 9) to base 6.
4211050
Convert 423010 (base 8) to base 5.
14001213
-7605 (base 16) to base 2
-111011000000101
Convert 9cb9 (base 16) to base 15.
bd4b
Convert -a9b0aa (base 12) to base 3.
-12001212120211
Convert d8432 (base 14) to base 16.
7f7cc
Convert 71342 (base 8) to base 2.
111001011100010
Convert 53b04f (base 16) to base 8.
24730117
-244102 (base 6) to base 5
-1143023
Convert aab635 (base 12) to base 14.
50990d
f350b (base 16) to base 6
33205551
3ac9b (base 15) to base 12
9109b
What is -131440 (base 6) in base 13?
-563a
Convert -9959b (base 15) to base 8.
-1667547
Convert -2331203311 (base 4) to base 14.
-162d5b
112321110 (base 5) to base 6
14540420
-16a0b6 (base 14) to base 9
-1442715
-441c99 (base 15) to base 5
-1312334334
162056126 (base 7) to base 4
221302223201
What is -5535255 (base 7) in base 9?
-1247550
Convert 1101121122212 (base 3) to base 2.
10110100110001000001
3524763 (base 9) to base 13
519861
Convert 345054 (base 15) to base 14.
4902a7
What is -1510112 (base 7) in base 4?
-301311233
Convert 1549360 (base 13) to base 10.
6817876
23688 (base 10) to base 7
126030
3202001130 (base 4) to base 15
134493
2750671 (base 8) to base 14
1623d7
100001001001001100 (base 2) to base 3
20220020000
Convert 133102231 (base 5) to base 12.
286984
Convert -150130 (base 9) to base 15.
-1c3ac
Convert -26212223 (base 8) to base 2.
-10110010001010010010011
24b8b17 (base 13) to base 2
101011110000111000100000
Convert -2010102212 (base 4) to base 3.
-1000112021222
What is -1a31594 (base 11) in base 6?
-201250305
Convert 2103230014 (base 5) to base 2.
10000100110011110001100
-110101100000010000000 (base 2) to base 6
-101324424
-40975 (base 11) to base 8
-164527
1743a (base 14) to base 7
332303
What is -28b807 (base 16) in base 4?
-22023200013
Convert -212210210222 (base 3) to base 7.
-3661133
What is -4883275 (base 9) in base 13?
-71b778
Convert -16420643 (base 7) to base 9.
-3011218
What is -2341135 (base 8) in base 14?
-129125
Convert -110110011101010001110 (base 2) to base 5.
-424100322
What is -1003100111 (base 4) in base 11?
-178a74
-310254 (base 10) to base 13
-ab2a9
What is -1110100100101001101 (base 2) in base 12?
-1b0411
Convert 224431211 (base 5) to base 7.
11423614
What is -814125 (base 12) in base 3?
-10210112211102
What is 1320113 (base 4) in base 14?
2b43
What is -1000010110110001000110 (base 2) in base 7?
-24422011
Convert -41144432 (base 5) to base 7.
-2561555
Convert -1311707 (base 9) to base 12.
-2a6744
What is 3535224 (base 8) in base 3?
1211001002200
Convert 2335453 (base 9) to base 8.
4644161
Convert 4aa3948 (base 12) to base 7.
235330103
Convert -f589 (base 16) to base 4.
-33112021
-95bee (base 15) to base 14
-c526b
Convert 21122110120 (base 3) to base 14.
3cbcd
Convert -1010001110100